{"id":2,"date":"2021-05-07T14:00:42","date_gmt":"2021-05-07T14:00:42","guid":{"rendered":"https:\/\/itery.de\/?page_id=2"},"modified":"2021-06-16T22:06:45","modified_gmt":"2021-06-16T22:06:45","slug":"sample-page","status":"publish","type":"page","link":"https:\/\/itery.de\/?page_id=2","title":{"rendered":"Profile"},"content":{"rendered":"<div id=\"pl-2\"  class=\"panel-layout\" ><div id=\"pg-2-0\"  class=\"panel-grid panel-has-style\" ><div class=\"panel-row-style panel-row-style-for-2-0\" ><div id=\"pgc-2-0-0\"  class=\"panel-grid-cell panel-grid-cell-empty panel-grid-cell-mobile-last\" ><\/div><div id=\"pgc-2-0-1\"  class=\"panel-grid-cell panel-grid-cell-empty\" ><\/div><\/div><\/div><div id=\"pg-2-1\"  class=\"panel-grid panel-no-style\" ><div id=\"pgc-2-1-0\"  class=\"panel-grid-cell\" ><div id=\"panel-2-1-0-0\" class=\"so-panel widget widget_media_image panel-first-child panel-last-child\" data-index=\"0\" ><img width=\"200\" height=\"200\" src=\"https:\/\/itery.de\/wp-content\/uploads\/2021\/06\/1517623788687.jpg\" class=\"image wp-image-346  attachment-full size-full\" alt=\"\" loading=\"lazy\" style=\"max-width: 100%; height: auto;\" srcset=\"https:\/\/itery.de\/wp-content\/uploads\/2021\/06\/1517623788687.jpg 200w, https:\/\/itery.de\/wp-content\/uploads\/2021\/06\/1517623788687-150x150.jpg 150w\" sizes=\"(max-width: 200px) 100vw, 200px\" \/><\/div><\/div><div id=\"pgc-2-1-1\"  class=\"panel-grid-cell\" ><div id=\"panel-2-1-1-0\" class=\"so-panel widget widget_text panel-first-child\" data-index=\"1\" >\t\t\t<div class=\"textwidget\"><p><strong style=\"font-size: 30px;\">Profile<\/strong><\/p>\n<\/div>\n\t\t<\/div><div id=\"panel-2-1-1-1\" class=\"so-panel widget widget_text\" data-index=\"2\" >\t\t\t<div class=\"textwidget\"><p><strong style=\"font-size: 23px;\">Andreas Pulver<\/strong><\/p>\n<\/div>\n\t\t<\/div><div id=\"panel-2-1-1-2\" class=\"so-panel widget widget_text\" data-index=\"3\" >\t\t\t<div class=\"textwidget\"><p>Ich sehe mich als Experten f\u00fcr Fehlersuche und Performance-Tuning im Bereich Web-Anwendungen im Oracle und DB2\/UDB &#8211; Umfeld.<br \/>\nMeine besonderen F\u00e4higkeiten liegen in der SQL-Optimierung durch \u00c4quivalenzumformung, wodurch ein tieferer Kenntnisstand der zu Grunde liegenden Anwendung nicht zwingend erforderlich ist.<br \/>\nDiese Art der Optimierung l\u00e4\u00dft sich auch auf andere als die erw\u00e4hnten Datenbanken anwenden.<\/p>\n<p>Auch im Bereich von Cookie gesteuertem Sessionhandling von Webanwendungen sehe ich meine St\u00e4rke.<\/p>\n<p>Weiterhin verf\u00fcge ich \u00fcber Expertenwissen im PeopleSoft Umfeld in den Anwendungen HCM, Finance und Portal.<\/p>\n<\/div>\n\t\t<\/div><div id=\"panel-2-1-1-3\" class=\"so-panel widget widget_text panel-last-child\" data-index=\"4\" >\t\t\t<div class=\"textwidget\"><p><!-- wp:buttons {\"align\":\"left\"} --><\/p>\n<div class=\"wp-block-buttons alignleft\"><!-- wp:button {\"className\":\"is-style-primary\"} --><\/p>\n<div class=\"wp-block-button is-style-primary\"><a class=\"wp-block-button__link\" href=\"https:\/\/itery.de\/?page_id=75\">HIRE<\/a><\/div>\n<p><!-- \/wp:button --><\/div>\n<p><!-- \/wp:buttons --><\/p>\n<\/div>\n\t\t<\/div><\/div><\/div><\/div>","protected":false},"excerpt":{"rendered":"<p>Profile Andreas Pulver Ich sehe mich als Experten f\u00fcr Fehlersuche und Performance-Tuning im Bereich Web-Anwendungen im Oracle und DB2\/UDB &#8211; Umfeld. Meine besonderen F\u00e4higkeiten liegen in der SQL-Optimierung durch \u00c4quivalenzumformung,&hellip;&nbsp;<a href=\"https:\/\/itery.de\/?page_id=2\" rel=\"bookmark\">Weiterlesen &raquo;<span class=\"screen-reader-text\">Profile<\/span><\/a><\/p>\n","protected":false},"author":1,"featured_media":0,"parent":0,"menu_order":0,"comment_status":"closed","ping_status":"open","template":"","meta":{"neve_meta_sidebar":"","neve_meta_container":"","neve_meta_enable_content_width":"off","neve_meta_content_width":0,"neve_meta_title_alignment":"","neve_meta_author_avatar":"","neve_post_elements_order":"","neve_meta_disable_header":"","neve_meta_disable_footer":"","neve_meta_disable_title":"on"},"_links":{"self":[{"href":"https:\/\/itery.de\/index.php?rest_route=\/wp\/v2\/pages\/2"}],"collection":[{"href":"https:\/\/itery.de\/index.php?rest_route=\/wp\/v2\/pages"}],"about":[{"href":"https:\/\/itery.de\/index.php?rest_route=\/wp\/v2\/types\/page"}],"author":[{"embeddable":true,"href":"https:\/\/itery.de\/index.php?rest_route=\/wp\/v2\/users\/1"}],"replies":[{"embeddable":true,"href":"https:\/\/itery.de\/index.php?rest_route=%2Fwp%2Fv2%2Fcomments&post=2"}],"version-history":[{"count":22,"href":"https:\/\/itery.de\/index.php?rest_route=\/wp\/v2\/pages\/2\/revisions"}],"predecessor-version":[{"id":365,"href":"https:\/\/itery.de\/index.php?rest_route=\/wp\/v2\/pages\/2\/revisions\/365"}],"wp:attachment":[{"href":"https:\/\/itery.de\/index.php?rest_route=%2Fwp%2Fv2%2Fmedia&parent=2"}],"curies":[{"name":"wp","href":"https:\/\/api.w.org\/{rel}","templated":true}]}}